 common divisor of v and i?
23
Let c(r) = 64*r + 7008. Let s be c(105). Calculate the highest common divisor of s and 192.
96
Suppose 31*y - 558240 = 9*y - 18*y. Calculate the highest common divisor of y and 24.
12
Let v = -700 + 720. What is the highest common divisor of v and 1640?
20
Let c = -260 + 255. Let a be 44 - ((1 - 6)/c - 2). Calculate the greatest common factor of 10 and a.
5
Suppose 3 = 2*g + 1. Suppose -98*r - 510 = -96*r. Let p = r + 256. Calculate the highest common factor of p and g.
1
Suppose -3*t + 6 = 0, -13*a - 5*t = -17*a + 874. What is the highest common divisor of 130 and a?
13
Let t = 41 + 0. Let s(w) = w**3 - 43*w**2 + 80*w + 90. Let l be s(t). Calculate the greatest common divisor of l and 12.
4
Suppose -42*y + 345171 = -338862 + 72765. What is the greatest common divisor of y and 38?
38
Let g be 25045 + -13*(-161)/91. Calculate the greatest common divisor of g and 12.
12
Suppose 0 = -4*g - 4*j + 1232, 35*g - 2*j + 1240 = 39*g. Calculate the greatest common factor of g and 1144.
104
Let g(a) = 5*a - 17. Let v be g(5). Suppose v*m - 7*m - 200 = 0. Let u = m + -123. What is the greatest common factor of 11 and u?
11
Let p(z) = -z**2 + 25*z - 118. Let n be p(15). Suppose 2*s = f, s = -3*s - 3*f - 10. Let b be 11/(2 + s) + -3. What is the highest common divisor of n and b?
8
Let t be ((-4)/(-12))/(1/3). Suppose 0 = 185*a - 192*a + 77. Calculate the highest common factor of t and a.
1
Let y = 246 - 222. Suppose -5*q + 30 = -h, 2*h = -4*q + 5*h + y. Calculate the highest common divisor of 27 and q.
3
Suppose -5*q - 13*v + 11*v - 2079 = 0, -3*q - 3*v = 1251. Let n = -335 - q. What is the highest common divisor of n and 220?
20
Suppose 0 = 3*o - 5*m - 3598 + 3282, -3*o - m + 250 = 0. Suppose 0 = -0*n + 3*n - 9. Calculate the greatest common divisor of n and o.
3
Let r be (-1 + 16/10)/(8/2160). Let b(s) = 99*s**2 + s - 3. Let h be b(3). Calculate the highest common factor of r and h.
81
Suppose 225*g - 496655 = 572606 - 228886. Calculate the greatest common factor of g and 90.
45
Suppose -m = k - 13, 4 = m + 2*k - 13. Suppose 11*q - 120 = q. Suppose 10*v - 8*v = q. Calculate the highest common factor of m and v.
3
Let g(i) = 336*i - 1410. Let u be g(5). Calculate the highest common factor of 1980 and u.
90
Let f = -18073 - -18808. Calculate the greatest common divisor of f and 1176.
147
Suppose -3*a + 4*a = 3*a. Suppose -5*u + 5*x + 2360 = 0, 2*u - x = -a*x + 940. Calculate the highest common divisor of u and 52.
52
Suppose 202 = 2*y - 5*w, -146 = -4*y + 5*w + 248. What is the highest common factor of 3296 and y?
32
Suppose -4*v + 5*s = -127, -v + 42*s - 47*s = -13. What is the greatest common divisor of 2324 and v?
28
Let f(b) = -9*b**3 + 11*b**3 + 3*b - b**2 + 3*b - 8 + 7*b**3. Let u be f(2). What is the highest common divisor of 8 and u?
8
Let t = 2462 - 2437. Calculate the highest common divisor of 1675 and t.
25
Let m = -51334 - -51422. Let f(c) = -c**3 + 6*c**2 - 3*c + 6. Let l be f(5). Calculate the highest common divisor of l and m.
8
Let u(y) = y + 4. Let v be u(-2). Suppose -1402 = 2*j - 6. Let m = 714 + j. What is the highest common factor of v and m?
2
Let d be 52/(-78)*87/(-9) + 12/(-27). Let w = 834 - 432. Calculate the highest common divisor of d and w.
6
Suppose 877 = -16*m + 7821. Calculate the greatest common factor of m and 42.
14
Suppose a - 341 - 260 = 85. Calculate the greatest common divisor of a and 1470.
98
Suppose 0 = 20*q - 11 - 69. Suppose q = 33*t - 722. Calculate the greatest common divisor of 22 and t.
22
Suppose -a = 4*a. Suppose a = 8*r - 78 - 162. Suppose 3*t - 4*t + r = 3*i, -3*t = -i. What is the greatest common factor of i and 1?
1
Let l(n) = -10*n + 6*n**2 + 19 + 10 - 42 + 11. Let m be l(2). Let o = 2 + 0. Calculate the greatest common factor of o and m.
2
Suppose 10*y - 5*y = 10. Suppose 0 = -4*h + 3*a + 72, -2*h + 53 = h - y*a. Suppose -16*q - 59 = -247 - 1492. Calculate the greatest common factor of q and h.
15
Let u = -24501 + 25047. Calculate the highest common divisor of 462 and u.
42
Let v be 3/(-9) - 8/(-6). Let c(p) = 41*p - 2. Let g be c(v). Let r = 41 - g. What is the greatest common divisor of r and 10?
2
Let w(k) be the second derivative of -4*k**3/3 + 126*k**2 + 113*k - 2. Let u be w(14). Let v = 107 - 51. What is the greatest common divisor of v and u?
28
Suppose -7*z + 2130 = -13669. What is the greatest common factor of 61 and z?
61
Let g(i) be the third derivative of i**5/60 + i**4/4 - i**3/2 - 53*i**2. Let d be g(-8). What is the greatest common divisor of 143 and d?
13
Let k(u) = -6*u - 29. Let l(b) = 5*b + 35. Let t(h) = -2*k(h) - 3*l(h). Let w be t(-24). What is the greatest common factor of 175 and w?
25
Let w(u) = -64*u**2 - 27*u - 61*u**2 + 63 + u**3 + 136*u**2. Let b be w(-13). Calculate the highest common factor of 209 and b.
19
Let w be (-894)/(-10) - (-6)/(-15). Suppose 452 = -4*a + 5*g + 1316, 3*a - 683 = -5*g. Let p = a - w. What is the greatest common factor of 22 and p?
22
Let f be (9 - 175/21)/((-2)/(-258)). Let y = f - 72. What is the highest common divisor of 10 and y?
2
Let w = -39 + 43. Let d be 160/(8/4)*w. Suppose -3*t = -d - 424. What is the greatest common divisor of t and 31?
31
Let t(y) = -8*y - 149. Let v be t(-42). Calculate the greatest common divisor of v and 1331.
11
Let p be (-1 - (-650)/35) + (-3)/(-7). Calculate the greatest common divisor of p and 1596.
6
Let d = -30 - -140. Suppose -289 - d = -21*n. What is the greatest common divisor of 209 and n?
19
Let o = -40 - -58. Suppose 24 = -b + 29, -5*x = b - 1715. What is the greatest common factor of o and x?
18
Suppose 0 = -11*i + 22 + 22. Suppose 0*t + 13 = t - 3*r, -i*t + 5*r + 31 = 0. Suppose -4*h + 16 = -0. What is the greatest common factor of h and t?
4
Suppose 2529*f - 2528*f = 2*k + 9, f - 4*k - 11 = 0. What is the greatest common factor of f and 6034?
7
Let v(r) = 6*r**3 - r**2 + r + 2. Let z be v(2). Let w(i) = -2*i**3 + 15*i**2 + 10*i + 9. Let h be w(7). Calculate the highest common divisor of h and z.
16
Let h(v) = 6*v**3 - 1. Let i be h(1). Suppose 5*g = -5*t + 5, 5*t + 0*g = i*g + 15. Suppose 15 = -t*u + 5*u. Calculate the highest common divisor of u and 55.
5
Let l = 974 + -346. Let b = l + -605. Calculate the highest common divisor of 368 and b.
23
Let r(g) = -1066*g + 1233. Let c be r(-4). What is the highest common divisor of c and 478?
239
Let c be (289/1 - 0) + 62 + -60. Let l = c + -176. Calculate the highest common divisor of 69 and l.
23
Let z = 1229 + 1522. What is the greatest common divisor of 21 and z?
21
Let f = 24 - 10. Suppose 17*t = -11*t + 196. Suppose 3*n - t*n + 28 = 0. Calculate the highest common factor of f and n.
7
Suppose n = 3*n - 158. Let j = -439613 + 440877. What is the greatest common factor of j and n?
79
Suppose -268 = -2*s - 4*k, 0 = 2*s - 0*k - 2*k - 280. Let o = s + -194. Let v = o + 86. What is the highest common divisor of v and 15?
15
Let a be -21 - (-420)/21 - -34. Let k be -21*(2 - (-4)/(-6)). Let v = k + 50. What is the highest common divisor of v and a?
11
Let w(s) = -s**3 - 25*s**2 + 46*s - 32. Let h be w(-37). What is the highest common factor of 372 and h?
186
Let h(l) = -9*l - 3. Let o be h(-1). Let w be (-4)/(-2)*189/o. Let r be 9/21 - (-180)/21. Calculate the greatest common factor of w and r.
9
Suppose 2*x = -106*q + 101*q + 3452, -q = 4*x - 712. What is the highest common divisor of q and 1634?
86
Let u(y) = -2*y**3 - 51*y**2 - 63*y + 1006. Let x be u(-34). Calculate the greatest common divisor of 200 and x.
200
Let o(g) = -g**3 - 3*g + 2. Let k be o(0). Suppose -w + 52 = -m, 3*w + m - 58 = k*w. Calculate the highest common factor of w and 22.
11
Suppose -5337*u + 5368*u - 3224 = 9889. Calculate the greatest common factor of u and 9.
9
Let w = -3448 - -3518. Calculate the greatest common divisor of w and 938.
14
Suppose -6*f + 15*f + 1380 = 11*f. What is the highest common divisor of 60 and f?
30
Let r(m) = 4*m**2 - 176*m - 6068. Let k be r(-31). What is the highest common divisor of 2222 and k?
202
Suppose 9*j = 10*j - 16. Suppose -j*b + 24 = -136. What is the highest common divisor of b and 1670?
10
Let p(h) = -2*h - 6. Let w be p(-3). Let b be -3 + (2 - -43) + w. What is the greatest common divisor of b and 28?
14
Let 